-5 + 25 = 5*m. Suppose 5*f + 16 = f, 0 = m*o + f - 260. What is the highest common factor of 6 and o?
6
Let b(m) = 9*m - 1. Let d be b(2). Calculate the greatest common factor of 119 and d.
17
Let t = 10 + -1. Let y = 28 - 25. Calculate the greatest common factor of y and t.
3
Let b = 57 - -148. What is the greatest common divisor of b and 41?
41
Let w = 5 + -1. Let v be (54/w)/((-3)/(-4)). Calculate the highest common divisor of 12 and v.
6
Suppose 4*c - 98 = -2*o, -5*o - 5*c + 81 = -154. Let q be 3/9 + (-88)/(-6). Calculate the greatest common factor of q and o.
15
Let a = 14 - 20. Let p be a/(-2) + (-680)/(-8). What is the greatest common divisor of 8 and p?
8
Let g be 9/1*16/12. Calculate the greatest common divisor of g and 96.
12
Let s(a) = -10*a - 13. Let o be s(-4). What is the greatest common factor of 297 and o?
27
Let k = 167 + -50. Let f(y) be the second derivative of 7*y**3/6 - y**2/2 - 2*y. Let t be f(2). Calculate the greatest common factor of t and k.
13
Let p be -7 - (-10 + 1) - -1*4. Suppose -2*l = 3*i + 2*l - 7, 0 = 4*i - l - 41. What is the highest common factor of p and i?
3
Suppose 2*k - 12 - 8 = 0. Let a(w) = w**2 - 4*w - 7. Let f be a(8). Calculate the highest common factor of k and f.
5
Let k be (-40)/(-6) + 2/(-3). Suppose 0 = -5*c - 2*o, -o = 6 - 1. Suppose 7*y - 3*y + 14 = c*f, 2*f - y = 8. Calculate the greatest common factor of f and k.
3
Suppose -f - 3*d + 47 = 0, -d - 84 = -4*f + 39. Suppose -2*c - 3 = 9. Let g(h) = h**2 + 5*h + 2. Let v be g(c). Calculate the highest common factor of v and f.
8
Suppose -226 + 213 = -f. Let a(t) = 5*t**2 + 5. Let x be a(-5). Calculate the highest common divisor of x and f.
13
Let t(q) be the first derivative of -q**2/2 - 1. Let l be t(1). Let r be (4/8)/(l/(-40)). What is the greatest common divisor of 30 and r?
10
Let l(u) = 3*u**2 + 2*u + 3. Let a = -5 - -3. Let z be l(a). Calculate the greatest common divisor of 88 and z.
11
Let w = -29 + 49. Suppose -5*c = -4*c + 3*x - 11, 0 = 5*x - 10. Calculate the highest common divisor of c and w.
5
Let k(h) = 4*h**3 - 3*h**2 - h. Let o be k(-2). Let s = -24 - o. Let t = -57 + 147. What is the highest common factor of t and s?
18
Suppose 38 = 4*m - 2. Suppose 2*s - 4*s + 50 = 0. Let i be (-1 + s)/(6/20). Calculate the greatest common divisor of m and i.
10
Suppose 0 = 15*i - 11*i - 176. Calculate the highest common divisor of 11 and i.
11
Let v = 1 - -2. Suppose v*i = 63 + 6. What is the highest common factor of i and 46?
23
Let h be (-3)/((24/10)/(-4)). Let y be 1 + -3*2/(-6). Suppose -2*t + 7 = j, t - 2*j + y = -t. Calculate the highest common factor of t and h.
1
Suppose -41*g = -47*g + 210. Calculate the highest common divisor of g and 7.
7
Suppose 5*n - 4*y - 180 = n, -3*y + 249 = 5*n. Suppose -5*s + 3*h + 4 = -73, -h = 4*s - n. Let t = -17 - -56. What is the highest common factor of s and t?
13
Let h(d) = 2*d**3 + 2*d**2 - 6*d + 1. Let q be h(3). Calculate the greatest common factor of q and 11.
11
Let d(k) = -2*k + 2. Let v be d(4). Let b = v + 14. Suppose 0 = -4*a - 5*j + 229, -3*a - 5*j = -2*a - 61. What is the highest common factor of b and a?
8
Let l(k) = -k**3 + 17*k**2 + 22*k - 42. Let w be l(18). What is the highest common divisor of w and 30?
30
Let p be -2 + 12/4 + -1. Suppose -4*d = -4*z - p*z + 76, -5*z - 4*d + 50 = 0. What is the highest common divisor of 154 and z?
14
Let b = -151 - -170. Let u be (1 - 3)/(-2)*0. Let y be 0 - (-58 + 1 - u). Calculate the greatest common divisor of b and y.
19
Suppose 2*j - 109 = -3*f, 2*j = 3*f + 25 + 102. Let c = j + -39. What is the greatest common factor of 30 and c?
10
Suppose 4*t + 2 = s, -s - 9 + 7 = -5*t. What is the highest common factor of s and 18?
18
Suppose -560 = -6*a + 2*a. Calculate the greatest common factor of a and 28.
28
Suppose 30 + 210 = 16*k. Suppose -27 = -4*q + 33. Calculate the highest common factor of q and k.
15
Let i(c) = c**2 + 11*c + 21. Let d be i(-11). What is the greatest common factor of 231 and d?
21
Let a(s) = s**3 + s**2 - 2*s + 9. Let z be a(0). Calculate the greatest common divisor of z and 45.
9
Let z(t) = -t**2 + 4*t + 4. Let n be z(4). Suppose -u - 24 = -n*u. Calculate the greatest common factor of 32 and u.
8
Let g be (-4)/20*-81 + 2/(-10). Calculate the greatest common factor of 128 and g.
16
Let s = -10 - -12. Suppose -5 = -s*u + 31. What is the highest common divisor of 9 and u?
9
Suppose s - 2*d + 2 = 0, -d + 8 = -s + 4*d. Calculate the highest common divisor of s and 10.
2
Let v be -2*((-2327)/182 + (-2)/(-7)). Calculate the highest common divisor of 5 and v.
5
Let k = 239 + -118. What is the highest common divisor of 11 and k?
11
Let a be (-2)/(-2)*33 + -3. Let s(w) = w**2 + 3*w + 9. Let i be s(-6). Suppose -3*c + 9 = -i. What is the highest common factor of a and c?
6
Let x(p) be the second derivative of -3*p**3/2 - p. Let a be x(-8). What is the highest common divisor of a and 9?
9
Suppose 3*b - 162 = -w - 33, -3*w - 97 = -2*b. Let q(d) = -d**3 - 3*d**2 + 2*d - 4. Let a be q(-4). What is the greatest common divisor of a and b?
4
Let b be ((-6)/2)/((-2)/8). Suppose -i - b = -2*i. Suppose -3*r + 2*r = 2*t - 5, -7 = -t + 4*r. Calculate the highest common divisor of t and i.
3
Let v be -1 - -2 - ((0 - -1) + -2). What is the greatest common factor of 4 and v?
2
Let x = -10 + 13. Calculate the greatest common factor of 15 and x.
3
Suppose 4*j + 20 = 4*q - 2*q, j + 9 = q. Calculate the highest common factor of q and 88.
8
Let u = 416 - 129. Let y = u + -168. Calculate the greatest common divisor of 17 and y.
17
Let q = 2 - 2. Suppose q = 4*z + t - 424, -t + 198 = 2*z - 4*t. Let o be 61/4 - 2/8. What is the highest common divisor of o and z?
15
Let i(j) = -j - 1. Let y(n) = -n**3 - 12*n**2 - 10*n - 17. Let u(a) = 5*i(a) - y(a). Let q be u(-10). What is the greatest common factor of 18 and q?
18
Suppose -y + 5*n = 19, 3*n = 5*y + 8*n - 25. What is the greatest common factor of y and 7?
1
Suppose -8*a + 38 + 10 = 0. Suppose -2*j + 2*u + 40 = -2*u, -4*u - 130 = -5*j. What is the highest common factor of j and a?
6
Let n be 55 - (-1*1)/(-1). Let c(h) = h**3 + 5*h**2 + h + 4. Let y be c(-5). Let s = y - -7. What is the highest common divisor of s and n?
6
Let v(r) = r**3 - 8*r**2 + 8*r + 7. Suppose 4*x - 5*x = 0. Suppose x = -u - 0*u + 7. Let k be v(u). Calculate the greatest common factor of k and 2.
2
Let q = 6 + -4. Suppose -5*x + q*b = -3*x - 12, -3*b + 31 = 4*x. Let v = 490 + -448. Calculate the greatest common divisor of x and v.
7
Suppose 4*y - 4*z = 272, y - 3*z - 336 = -4*y. Calculate the highest common divisor of 6 and y.
6
Suppose -6*r + 15*r - 54 = 0. What is the greatest common divisor of r and 3?
3
Let t be 0 + 5 + (1 - 1). What is the greatest common divisor of t and 55?
5
Let s = -8 + -10. Let p = s - -29. What is the greatest common factor of 55 and p?
11
Suppose 0 = -12*j + 10*j + 104. Suppose -25 = -2*d - s, 3*d - 44 = 2*s + 3*s. What is the greatest common divisor of j and d?
13
Suppose -v + 59 = u - 3, -66 = -u - 3*v. What is the greatest common factor of u and 24?
12
Suppose 4*t + 10 = -5*r + 212, 40 = t - 4*r. Let m be ((-4)/(-6))/(1/t). What is the greatest common divisor of 48 and m?
16
Suppose -3*s = -3*f + 36, 10*f = 7*f + 4*s + 40. What is the greatest common factor of 3 and f?
1
Suppose -2*m - 3*m + 50 = 0. Let n be -2*m/4*-7. Calculate the highest common divisor of n and 14.
7
Let f = -70 + 49. Let h be f/1*1/(-1). Calculate the highest common divisor of 147 and h.
21
Let j be (-7)/14*(-28 + -2). Calculate the highest common factor of 165 and j.
15
Let j(w) = w**2 + 7*w + 7. Let u be j(-6). Suppose 0 = 4*c - 1 - 11. Calculate the greatest common divisor of u and c.
1
Suppose r + 8 = -0. Let i = 1 + -2. Let h = i - r. Calculate the highest common divisor of 14 and h.
7
Suppose 2*y - 3*u - 111 = -2*y, 5 = -5*u. Suppose 0*x - 12 = 2*x. Let c = -3 - x. Calculate the highest common divisor of c and y.
3
Let j = -249 - -269. Suppose 0 = 2*b + 3*x + x - 56, -5*b = -4*x - 154. What is the greatest common factor of b and j?
10
Suppose 0 = 3*n - 5 - 7. Suppose -2*l + 4 = -n*l. Let p be (l/4)/((-4)/152). What is the greatest common factor of p and 171?
19
Let i be ((-3)/2)/(9/456). Let a = -37 - i. Suppose -k = 3*s - 37, -s